{"id":190,"date":"2021-01-19T19:46:41","date_gmt":"2021-01-19T19:46:41","guid":{"rendered":"https:\/\/gersprenztaucher.de.185-189-228-188.domainxyz.de\/?page_id=190"},"modified":"2022-10-22T15:48:36","modified_gmt":"2022-10-22T15:48:36","slug":"archiv","status":"publish","type":"page","link":"https:\/\/gersprenztaucher.de\/?page_id=190","title":{"rendered":"Archiv"},"content":{"rendered":"\n<hr class=\"wp-block-separator alignwide is-style-wide\"\/>\n\n\n\n<h2 class=\"wp-block-heading\"><strong>Sommerfest<\/strong><\/h2>\n\n\n\n<p>Am 6.8.22, im Rahmen eines Sommerfests mit gro\u00dfartigen sommerlichen Wetter im Altheimer Freizeitzentrum, wurde<br>mehreren langj\u00e4hrigen Mitgliedern gedankt. Dennis Cla\u00df, Vorsitzender der Gersprenztaucher, ehrte die Mitglieder, die seit<br>2020 bis heute, Ihr 25-j\u00e4hriges Jubil\u00e4um im Verein feiern konnten.<br>Endlich war es m\u00f6glich, nach 2 langen Jahren, ohne gr\u00f6\u00dfere gemeinsame Zusammenk\u00fcnfte, unser traditionelles Fest zu<br>feiern. Metzger Michael Fr\u00fchwein lieferte Steaks, W\u00fcrste und vegetarisches Essen. Ausf\u00fchrlich konnten die 45 Teilnehmer<br>(plus 4 Babys und 4 Hunde) \u00fcber Tauchausbildung, Tauchreisen und auch Privates reden.<\/p>\n\n\n\n<figure class=\"wp-block-image\"><img loading=\"lazy\" decoding=\"async\" width=\"480\" height=\"362\" src=\"https:\/\/gersprenztaucher.de\/wp-content\/uploads\/2022\/08\/Sommerfest.jpg\" alt=\"\" class=\"wp-image-388\" srcset=\"https:\/\/gersprenztaucher.de\/wp-content\/uploads\/2022\/08\/Sommerfest.jpg 480w, https:\/\/gersprenztaucher.de\/wp-content\/uploads\/2022\/08\/Sommerfest-300x226.jpg 300w\" sizes=\"auto, (max-width: 480px) 100vw, 480px\" \/><\/figure>\n\n\n\n<hr class=\"wp-block-separator alignwide is-style-wide\"\/>\n\n\n\n<h2 class=\"wp-block-heading\"><strong>Nachttauchen in Reinheim<\/strong><\/h2>\n\n\n\n<p>Am 29.7.2022 konnten wir im Freibad Reinheim erstmalig einen Nachttauchgang durchf\u00fchren. Wir sammelten uns kurz vor Son-<br>nen-untergang am Beckenrand und legten einige Regeln f\u00fcrs Nachttauchen fest. Dazu geh\u00f6rten Unterwasserzeichen, Check der<br>Ausr\u00fcstung und der UW-Lampen. Nachdem dann der Ablauf besprochen und die Sonne untergegangen war, gingen die Taucher<br>ins Wasser. Bei den Nachttauchgangs Neulingen, war jeweils ein erfahrener Taucher dabei, so das alle Spa\u00df hatten, bei absoluter<br>Dunkelheit durch das Freibad zu tauchen. Um 23:oo Uhr war dann alles vorbei und wir kehrten noch einmal kurz bei Kerstin zu<br>einem Absacker ein.<\/p>\n\n\n\n<figure class=\"wp-block-image\"><img loading=\"lazy\" decoding=\"async\" width=\"322\" height=\"243\" src=\"https:\/\/gersprenztaucher.de\/wp-content\/uploads\/2022\/08\/Nachttauchen-Reinheim.jpg\" alt=\"\" class=\"wp-image-387\" srcset=\"https:\/\/gersprenztaucher.de\/wp-content\/uploads\/2022\/08\/Nachttauchen-Reinheim.jpg 322w, https:\/\/gersprenztaucher.de\/wp-content\/uploads\/2022\/08\/Nachttauchen-Reinheim-300x226.jpg 300w\" sizes=\"auto, (max-width: 322px) 100vw, 322px\" \/><\/figure>\n\n\n\n<hr class=\"wp-block-separator alignwide is-style-wide\"\/>\n\n\n\n<h2 class=\"wp-block-heading\"><strong>Hochzeit auf dem Otzberg<\/strong><\/h2>\n\n\n\n<p>Am 30.7.2022 heirate unsere Luisa (Vorstand Kasse) ihren Mike in romantischer Burgkulisse. Mit dabei 12 Gersprenztaucher,<br>die Spalier standen und den Beiden eine lange, tolle und gl\u00fcckliche Ehe w\u00fcnschten.<\/p>\n\n\n\n<figure class=\"wp-block-image\"><img loading=\"lazy\" decoding=\"async\" width=\"490\" height=\"272\" src=\"https:\/\/gersprenztaucher.de\/wp-content\/uploads\/2022\/08\/Hochzeit-Luisa.jpg\" alt=\"\" class=\"wp-image-389\" srcset=\"https:\/\/gersprenztaucher.de\/wp-content\/uploads\/2022\/08\/Hochzeit-Luisa.jpg 490w, https:\/\/gersprenztaucher.de\/wp-content\/uploads\/2022\/08\/Hochzeit-Luisa-300x167.jpg 300w\" sizes=\"auto, (max-width: 490px) 100vw, 490px\" \/><\/figure>\n\n\n\n<hr class=\"wp-block-separator\"\/>\n\n\n\n<h2 class=\"wp-block-heading\"><strong>Tauchkurs Bronze<\/strong><\/h2>\n\n\n\n<p>Am 14. 8. 22 fand im Freizeitzentrum St. Leon Roth die Bronzepr\u00fcfung und das KTSA (Kinder-<br>tauch Sportabzeichen) f\u00fcr unsere neuen Taucher statt.<br>Nach Tauchtheorie, Freibad\u00fcbungen, ersten Tauchg\u00e4ngen im Freigew\u00e4sser in Sp\u00f6ck und den Pr\u00fcfungstauchg\u00e4ngen in St.Leon Roth, gratulieren wir den erfolgreichen Pr\u00fcflingen.<\/p>\n\n\n\n<figure class=\"wp-block-image\"><img loading=\"lazy\" decoding=\"async\" width=\"307\" height=\"227\" src=\"https:\/\/gersprenztaucher.de\/wp-content\/uploads\/2022\/08\/neue-Taucher.jpg\" alt=\"\" class=\"wp-image-390\" srcset=\"https:\/\/gersprenztaucher.de\/wp-content\/uploads\/2022\/08\/neue-Taucher.jpg 307w, https:\/\/gersprenztaucher.de\/wp-content\/uploads\/2022\/08\/neue-Taucher-300x222.jpg 300w\" sizes=\"auto, (max-width: 307px) 100vw, 307px\" \/><\/figure>\n\n\n\n<p style=\"font-size:36px\"><strong>1. Mai &#8211; Tradition: Eine Tour mit dem Fahrrad<\/strong><\/p>\n\n\n\n<p>F\u00fcr den 1. Mai &#8211; auch Tag der Arbeit genannt- gibt es bei den Gersprenztauchern die Tradition zur gef\u00fchrten Radtour mit mehreren Einkehrpunkten. Dieses Jahr beginnen wir diese aufw\u00e4ndig geplante Tour <strong>um 10:30 Uhr an der Feuerwehr M\u00fcnster (Parkplatz).<\/strong> Das gute Wetter ist schon fr\u00fchzeitig bestellt worden. Die genauen Punkte hat unser Tourguide Boris noch nicht verraten, aber sie werden bestimmt wieder genauso spektakul\u00e4r werden, wie in den vergangenen Jahren.<br>Bitte stellt sicher das Euer Rad verkehrstauglich ist und pr\u00fcft vllt vorher, ob es den Reifendruck h\u00e4lt \ud83d\ude09<\/p>\n\n\n\n<p>Bitte meldet Euch kurz an (WhatsApp oder eMail), damit wir wissen mit wieviel Personen wir rechnen k\u00f6nnen.<\/p>\n\n\n\n<p>Wir freuen uns auf Euch, Euer Vorstand<\/p>\n\n\n\n<hr class=\"wp-block-separator alignwide is-style-wide\"\/>\n\n\n\n<figure class=\"wp-block-video\"><video height=\"1080\" style=\"aspect-ratio: 1920 \/ 1080;\" width=\"1920\" controls src=\"https:\/\/gersprenztaucher.de\/wp-content\/uploads\/2022\/03\/Vorstand.mp4\"><\/video><\/figure>\n\n\n\n<h2 class=\"wp-block-heading\"><strong>Jahreshauptversammlung<\/strong><\/h2>\n\n\n\n<p>Am 18.M\u00e4rz fand die JHV der Gersprenztaucher statt. Corona bedingt konnte sich jedes Mitglied bei der Anmeldung entscheiden, ob die Anwesenheit im Goldenen Barren in Pr\u00e4senz oder virtuell via Zoom erfolgt.<\/p>\n\n\n\n<p>Die Pr\u00e4senz-Veranstaltung fand unter 3G-Bedingungen statt und der Raum wurde mit einer Luftfiltersystemanlage gereinigt. Da kurzfristig auch Dennis Corona positiv getestet wurde, hatte er die JHV via Zoom geleitet, was f\u00fcr einige Teilnehmer Neuland war aber gut funktionierte.<\/p>\n\n\n\n<p>Nach der Er\u00f6ffnung und Begr\u00fc\u00dfung der 38 Teilnehmer (10 davon via Zoom) hatte Dennis zun\u00e4chst Infos \u00fcber Mitgliederzahlen und bedauerlicherweise abgesagte Termine gegeben. Danach erfolgte ein R\u00fcckblick \u00fcber die stattgefundenen Aktivit\u00e4ten. Die Bilder vom Swingolfen im Hunsr\u00fcck, Antauchen in Hunsfeld, Zoom Yoga und Wandern mit Tina, Clean-Up mit Laura, Herbstwanderung am Felsenmeer und nicht zu vergessen die von Dennis geplante Vereinsreise nach Kroatien, zeigten uns wieder, was die Tauchers als Gruppe trotz Corona 2021 alles erleben durften.<\/p>\n\n\n\n<p>Im Anschluss wurde eine Statistik \u00fcber die Teilnehmerzahlen Freibad\/Hallenbad 2021 vorgestellt, die Luft nach oben hat. Dieses Jahr ist wieder ein Bronze-\/Silber Kurs geplant.<\/p>\n\n\n\n<p>Anschlie\u00dfend folgte der Kassenbericht und der Bericht der Kassenpr\u00fcfer.<\/p>\n\n\n\n<p>Maraike und Astrid legten ihre Vorstandst\u00e4tigkeiten aus Zeitmangel nieder. Wir danken Astrid und Mareike f\u00fcr die tolle Arbeit im Vorstand.<\/p>\n\n\n\n<hr class=\"wp-block-separator alignwide is-style-wide\"\/>\n\n\n\n<p class=\"has-extra-large-font-size\"><strong>Frohe Weihnachten und einen Guten Rutsch ins neue Jahr 2022<\/strong><\/p>\n\n\n\n<p>Auch das Jahrsende 2021 ist wieder sehr Corona abh\u00e4ngig. Daher konnten wir leider keine Weihnachtsfeier durchf\u00fchren. Sicher werden auch unsere geplanten Sylvester Partys in privaten Kreise, wieder unter diesem Stern stehen und anders verlaufen als geplant.<br><br>Ob die geplanten Theorie Abende f\u00fcr Bronze und Silber Ausbildung, sowie die Erste Hilfe Kurse stattfinden k\u00f6nnen, entscheidet sich kurzfristig in der ersten Kalenderwoche 2022. Wir werden Euch dar\u00fcber auf dem Laufenden halten.<br><br>Wir w\u00fcnschen allen Vereinsmitgliedern, Ihren Partnern, Familien und Freunden Gesundheit und ein tolles neues Jahr 2o22.<\/p>\n\n\n\n<hr class=\"wp-block-separator alignwide is-style-wide\"\/>\n\n\n\n<p><strong>Herbstwanderung<\/strong><br>30.10.21 10:00 an der Feuerwehr M\u00fcnster<\/p>\n\n\n\n<p>Der Verein stellt einen Bus zur Verf\u00fcgung, dessen Kosten mit einen kleinen Eigenanteil der Teilnehmer, vom Verein gesponsert wird. Der Betrag des Eigenanteils h\u00e4ngt von der Anzahl der Teilnehmer ab.<br>Wir werden an den Fu\u00df des Felsenmeeres (Meer-Taucher-Wassersport=passt doch) &nbsp;gefahren, um von dort gem\u00fctlich das Meer zu erforschen und anschlie\u00dfend im afrikanischen Ada\u2019s Buka zum Mittagessen einzutauchen. Mehr Info und Speisekarte hier. <a href=\"https:\/\/adas-buka.de\/\">https:\/\/adas-buka.de\/<\/a><br>Nach dem Essen fahren wir in den Wildpark <a href=\"https:\/\/www.bergtierpark-erlenbach.de\/index.php\">https:\/\/www.bergtierpark-erlenbach.de\/index.php<\/a> zum Verdauungsspaziergang und Tiere streicheln. <\/p>\n\n\n\n<p>Also bitte meldet Euch <strong>bis zum 01.10.2021<\/strong> verbindlich bei mir an <a href=\"mailto:info@gersprenztaucher.de\">info@gersprenztaucher.de<\/a> oder Whatsapp, damit ich den Bus ordern und die Pl\u00e4tze im Lokal reservieren kann.<\/p>\n\n\n\n<p>Ich freue mich sehr.<br>Liebe Gr\u00fc\u00dfe, Tina<\/p>\n\n\n\n<hr class=\"wp-block-separator alignwide is-style-wide\"\/>\n\n\n\n<p class=\"has-text-align-left\"><strong><strong>Cleanup Gersprenzstrand<\/strong><\/strong> <strong>03.10.2021<\/strong><br>03.10.21 14:00 Edeka Parkplatz in M\u00fcnster<\/p>\n\n\n\n<p class=\"has-text-align-left\"><strong>Was bringt ihr mit?<\/strong><strong> <\/strong>Mund-Nasen-Schutz, wettergem\u00e4\u00dfe Kleidung, bequemes Schuhwerk, einen eigenen Becher und gute Laune \ud83d\ude42<\/p>\n\n\n\n<p class=\"has-text-align-left\">Greifer, Handschuhe, M\u00fclls\u00e4cke und Westen stellt uns die Gemeinde, diese werden am Treffpunkt verteilt. Das Abstands-Bier &amp; Getr\u00e4nke f\u00fcr nach dem Sammeln stellt der Verein.<\/p>\n\n\n\n<hr class=\"wp-block-separator alignwide is-style-wide\"\/>\n\n\n\n<div class=\"wp-block-columns alignwide is-layout-flex wp-container-core-columns-is-layout-9d6595d7 wp-block-columns-is-layout-flex\">\n<div class=\"wp-block-column is-layout-flow wp-block-column-is-layout-flow\" style=\"flex-basis:100%\">\n<p class=\"has-text-align-left\"><strong>Taucherreise Vrsar<\/strong> 13.09.2021<\/p>\n<\/div>\n<\/div>\n\n\n\n<div class=\"wp-block-file alignwide\"><a id=\"wp-block-file--media-b72dbe2f-c728-4376-aa23-7fff2fb82fc9\" href=\"https:\/\/gersprenztaucher.de\/wp-content\/uploads\/2021\/01\/Vrsar-2021.pdf\">Vrsar-2021<\/a><a href=\"https:\/\/gersprenztaucher.de\/wp-content\/uploads\/2021\/01\/Vrsar-2021.pdf\" class=\"wp-block-file__button\" download aria-describedby=\"wp-block-file--media-b72dbe2f-c728-4376-aa23-7fff2fb82fc9\">Herunterladen<\/a><\/div>\n\n\n\n<hr class=\"wp-block-separator alignwide is-style-wide\"\/>\n\n\n\n<h4 class=\"alignwide wp-block-heading\">Dezember 2020:<\/h4>\n\n\n\n<h4 class=\"alignwide wp-block-heading\">Nach der letzten Jahreshauptversammlung, ist <strong>Tobias<br>als neuer Ger\u00e4tewart<\/strong> eingesetzt.<br>Wir danken uns bei Bernhard f\u00fcr die bisherige Aus\u00fcbung<br>dieser verantwortungsvollen und zeitintensiven<br>T\u00e4tigkeit.<\/h4>\n\n\n\n<hr class=\"wp-block-separator alignwide is-style-wide\"\/>\n\n\n\n<h2 class=\"alignwide wp-block-heading\">Die JHV hat einen neuen Vorstand gew\u00e4hlt<\/h2>\n\n\n\n<div class=\"wp-block-media-text alignwide is-stacked-on-mobile\"><figure class=\"wp-block-media-text__media\"><img loading=\"lazy\" decoding=\"async\" width=\"795\" height=\"777\" src=\"https:\/\/gersprenztaucher.de\/wp-content\/uploads\/2020\/11\/tsv-vorstand-2o2o-1.jpg?w=795\" alt=\"\" class=\"wp-image-81 size-large\" srcset=\"https:\/\/gersprenztaucher.de\/wp-content\/uploads\/2020\/11\/tsv-vorstand-2o2o-1.jpg 795w, https:\/\/gersprenztaucher.de\/wp-content\/uploads\/2020\/11\/tsv-vorstand-2o2o-1-300x293.jpg 300w, https:\/\/gersprenztaucher.de\/wp-content\/uploads\/2020\/11\/tsv-vorstand-2o2o-1-768x751.jpg 768w\" sizes=\"auto, (max-width: 795px) 100vw, 795px\" \/><\/figure><div class=\"wp-block-media-text__content\">\n<h2 class=\"wp-block-heading\"><\/h2>\n\n\n\n<p>In der ersten Online-Versammlung der Vereinsgeschichte wurden am 14.11.2020 gew\u00e4hlt:<\/p>\n\n\n\n<ul class=\"wp-block-list\"><li>Astrid Heinrichs<\/li><li>Dennis Cla\u00df<\/li><li>Denis R\u00f6der<\/li><\/ul>\n\n\n\n<p>Dazu 4 Beisitzer:<\/p>\n\n\n\n<ul class=\"wp-block-list\"><li>Andreas R\u00f6der<\/li><li>Boris Niggeling<\/li><li>Mareike Gruber<\/li><li>Tobias Steinmetz<\/li><\/ul>\n\n\n\n<p>Einige Satzungs\u00e4nderungen wurden verabschiedet und sind demn\u00e4chst hier zu finden.<\/p>\n<\/div><\/div>\n\n\n\n<hr class=\"wp-block-separator alignwide is-style-wide\"\/>\n","protected":false},"excerpt":{"rendered":"<p>Sommerfest Am 6.8.22, im Rahmen eines Sommerfests mit gro\u00dfartigen sommerlichen Wetter im Altheimer Freizeitzentrum, wurdemehreren langj\u00e4hrigen Mitgliedern gedankt. Dennis Cla\u00df, Vorsitzender der Gersprenztaucher, ehrte die Mitglieder, die seit2020 bis heute, Ihr 25-j\u00e4hriges Jubil\u00e4um im Verein feiern konnten.Endlich war es m\u00f6glich, nach 2 langen Jahren, ohne gr\u00f6\u00dfere gemeinsame Zusammenk\u00fcnfte, unser traditionelles Fest zufeiern. Metzger Michael Fr\u00fchwein&hellip; <a class=\"more-link\" href=\"https:\/\/gersprenztaucher.de\/?page_id=190\"><span class=\"screen-reader-text\">Archiv<\/span> weiterlesen<\/a><\/p>\n","protected":false},"author":3,"featured_media":0,"parent":0,"menu_order":7,"comment_status":"closed","ping_status":"closed","template":"","meta":{"ngg_post_thumbnail":0,"footnotes":""},"class_list":["post-190","page","type-page","status-publish","hentry","entry"],"_links":{"self":[{"href":"https:\/\/gersprenztaucher.de\/index.php?rest_route=\/wp\/v2\/pages\/190","targetHints":{"allow":["GET"]}}],"collection":[{"href":"https:\/\/gersprenztaucher.de\/index.php?rest_route=\/wp\/v2\/pages"}],"about":[{"href":"https:\/\/gersprenztaucher.de\/index.php?rest_route=\/wp\/v2\/types\/page"}],"author":[{"embeddable":true,"href":"https:\/\/gersprenztaucher.de\/index.php?rest_route=\/wp\/v2\/users\/3"}],"replies":[{"embeddable":true,"href":"https:\/\/gersprenztaucher.de\/index.php?rest_route=%2Fwp%2Fv2%2Fcomments&post=190"}],"version-history":[{"count":12,"href":"https:\/\/gersprenztaucher.de\/index.php?rest_route=\/wp\/v2\/pages\/190\/revisions"}],"predecessor-version":[{"id":401,"href":"https:\/\/gersprenztaucher.de\/index.php?rest_route=\/wp\/v2\/pages\/190\/revisions\/401"}],"wp:attachment":[{"href":"https:\/\/gersprenztaucher.de\/index.php?rest_route=%2Fwp%2Fv2%2Fmedia&parent=190"}],"curies":[{"name":"wp","href":"https:\/\/api.w.org\/{rel}","templated":true}]}}